ousands digit of 4694838?
4
What is the tens digit of 242230888?
8
What is the millions digit of 4804306479?
4
What is the ten millions digit of 5075895280?
7
What is the units digit of 106845352?
2
What is the ten millions digit of 39835874?
3
What is the hundreds digit of 4822939298?
2
What is the hundred thousands digit of 60712019?
7
What is the ten thousands digit of 30593363?
9
What is the ten thousands digit of 1179806737?
0
What is the hundreds digit of 212869215?
2
What is the tens digit of 219658658?
5
What is the hundreds digit of 333303808?
8
What is the units digit of 4206197583?
3
What is the hundreds digit of 3340151?
1
What is the ten millions digit of 66562651?
6
What is the tens digit of 6953589103?
0
What is the units digit of 16525879?
9
What is the thousands digit of 4357803146?
3
What is the ten millions digit of 1224179733?
2
What is the hundreds digit of 27675847?
8
What is the thousands digit of 142184483?
4
What is the units digit of 471095558?
8
What is the hundreds digit of 5484532744?
7
What is the hundreds digit of 29299555?
5
What is the millions digit of 3446038174?
6
What is the thousands digit of 62581413?
1
What is the hundreds digit of 4212252?
2
What is the ten millions digit of 24915940?
2
What is the tens digit of 3751947889?
8
What is the ten thousands digit of 35756567?
5
What is the units digit of 2103294945?
5
What is the ten thousands digit of 179469451?
6
What is the hundred millions digit of 5978929804?
9
What is the millions digit of 68658324?
8
What is the ten millions digit of 729244736?
2
What is the ten millions digit of 24449324?
2
What is the hundreds digit of 1316555652?
6
What is the thousands digit of 196784376?
4
What is the ten thousands digit of 3396884?
9
What is the hundred thousands digit of 890033130?
0
What is the hundreds digit of 9869904?
9
What is the hundred millions digit of 1285843742?
2
What is the units digit of 45727828?
8
What is the hundred thousands digit of 8958361?
9
What is the millions digit of 1871435446?
1
What is the hundred millions digit of 220729730?
2
What is the hundreds digit of 43783230?
2
What is the hundreds digit of 136393163?
1
What is the ten thousands digit of 2556560004?
6
What is the units digit of 681122504?
4
What is the hundred millions digit of 133298573?
1
What is the tens digit of 93795989?
8
What is the tens digit of 1399249?
4
What is the hundreds digit of 36332030?
0
What is the ten millions digit of 136019767?
3
What is the thousands digit of 889294938?
4
What is the hundred thousands digit of 25424576?
4
What is the ten thousands digit of 470988755?
8
What is the tens digit of 29688962?
6
What is the tens digit of 108915471?
7
What is the thousands digit of 4325081835?
1
What is the hundreds digit of 70292554?
5
What is the millions digit of 1690675425?
0
What is the hundred millions digit of 300291669?
3
What is the units digit of 104442813?
3
What is the ten thousands digit of 2744674680?
7
What is the thousands digit of 18138040?
8
What is the thousands digit of 3280373965?
3
What is the thousands digit of 57397196?
7
What is the tens digit of 486178084?
8
What is the millions digit of 85825795?
5
What is the thousands digit of 10769871?
9
What is the tens digit of 171038631?
3
What is the millions digit of 145258357?
5
What is the ten millions digit of 3943879546?
4
What is the hundred thousands digit of 317838194?
8
What is the ten millions digit of 37924497?
3
What is the hundreds digit of 14607920?
9
What is the hundred thousands digit of 1047047609?
0
What is the thousands digit of 184185957?
5
What is the thousands digit of 437531570?
1
What is the hundreds digit of 225083143?
1
What is the thousands digit of 103186440?
6
What is the ten millions digit of 14385713?
1
What is the hundred thousands digit of 161779620?
7
What is the hundred millions digit of 3814460866?
8
What is the thousands digit of 43471412?
1
What is the units digit of 602346245?
5
What is the hundreds digit of 93300086?
0
What is the hundred thousands digit of 108284697?
2
What is the ten thousands digit of 45656741?
5
What is the tens digit of 15629929?
2
What is the units digit of 837876247?
7
What is the thousands digit of 11440299?
0
What is the millions digit of 2217550847?
7
What is the ten thousands digit of 295084330?
8
What is the ten thousands digit of 529916697?
1
What is the hundred millions digit of 4053927752?
0
What is the hundred millions digit of 3906030748?
9
What is the hundred millions digit of 1189968482?
1
What is the hundred millions digit of 2949085734?
9
What is the millions digit of 21725783?
1
What is the billions digit of 1352097217?
1
What is the hundred millions digit of 2908850410?
9
What is the hundreds digit of 1173854504?
5
What is the thousands digit of 36701652?
1
What is the units digit of 456456317?
7
What is the millions digit of 14323998?
4
What is the billions digit of 6748879339?
6
What is the thousands digit of 363685269?
5
What is the thousands digit of 388609637?
9
What is the ten millions digit of 259054921?
5
What is the tens digit of 524618810?
1
What is the thousands digit of 86260564?
0
What is the tens digit of 57552520?
2
What is the units digit of 44689180?
0
What is the units digit of 54971764?
4
What is the millions digit of 99250272?
9
What is the tens digit of 38921311?
1
What is the hundred thousands digit of 76466591?
4
What is the hundred thousands digit of 4123238603?
2
What is the ten thousands digit of 1134871811?
7
What is the hundred thousands digit of 409892772?
8
What is the millions digit of 214117299?
4
What is the ten millions digit of 19350097?
1
What is the tens digit of 2179275380?
8
What is the hundred thousands digit of 12559033?
5
What is the thousands digit of 244657155?
7
What is the millions digit of 21810073?
1
What is the hundred thousands digit of 2303120784?
1
What is the ten millions digit of 218911607?
1
What is the thousands digit of 37660384?
0
What is the billions digit of 1973838020?
1
What is the hundred millions digit of 177385367?
1
What is the hundred thousands digit of 149219848?
2
What is the ten thousands digit of 419916420?
1
What is the hundred millions digit of 232407132?
2
What is the millions digit of 404118964?
4
What is the tens digit of 4544925591?
9
What is the millions digit of 326323340?
6
What is the tens digit of 61312484?
8
What is the ten millions digit of 125742732?
2
What is the ten millions digit of 767840426?
6
What is the units digit of 2010579479?
9
What is the hundred thousands digit of 62288200?
2
What is the thousands digit of 158442566?
2
What is the ten millions digit of 30434051?
3
What is the thousands digit of 79153840?
3
What is the hundred millions digit of 461297672?
4
What is the ten thousands digit of 36540409?
4
What is the units digit of 64537496?
6
What is the ten thousands digit of 2301779957?
7
What is the units digit of 20969507?
7
What is the units digit of 46718318?
8
What is the tens digit of 471607919?
1
What is the millions digit of 36402337?
6
What is the millions digit of 46905897?
6
What is the hundreds digit of 40465812?
8
What is the hundreds digit of 30533318?
3
What is the thousands digit of 129137626?
7
What is the ten millions digit of 631865981?
3
What is the millions digit of 1181277116?
1
What is the thousands digit of 4856431?
6
What is the hundreds digit of 64997248?
2
What is the hundred millions digit of 1026546959?
0
What is the hundreds digit of 51266278?
2
What is the tens digit of 837571486?
8
What is the millions digit of 3334111408?
4
What is the ten thousands digit of 76798221?
9
What is the tens digit of 87091381?
8
What is the ten millions digit of 666882747?
6
What is the hundred millions digit of 3313238648?
3
What is the ten thousands digit of 1339585130?
8
What is the ten thousands digit of 41133970?
3
What is the hundred millions digit of 1386413288?
3
What is the millions digit of 7054362?
7
What is the hundred millions digit of 4149538148?
1
What is the thousands digit of 1599371404?
1
What is the hundred thousands digit of 682792272?
7
What is the hundreds digit of 927753899?
8
What is the units digit of 56615535?
5
What is the units digit of 1976407?
7
What is the units digit of 43